13*j**4/6 - 14*j**3/3 + 41*j**2/2 - 1206*j. What is w(27)?
14
Let u(b) = -13*b - 6. Let v be u(-1). Let f(n) = -42 + v*n + 3*n**2 - n + n - 2*n**2. Let j be f(-11). Let z(w) = -w**3 - w**2 - 2. Give z(j).
-14
Let i(c) = 2*c**2 - 3*c. Suppose -3*w + 12 = 3*m - 3, w = 4*m - 20. Suppose 2*f - 1 = m. What is i(f)?
9
Let a be 25/(3600/112) - (-4)/18. Let s(w) = 19*w**2 - 5*w + 4. Give s(a).
18
Let l(s) be the third derivative of -s**5/60 - 13*s**4/24 + 77*s**3/6 + 281*s**2 + 4. Calculate l(4).
9
Let j(w) = 2*w**3 + 36*w**2 + 35*w + 3. Suppose -96*q + 99*q - 89 = 4*x, 5*x = -4*q - 57. Give j(x).
-14
Let l(q) be the first derivative of q**6/120 - q**5/15 + 5*q**3/6 + 3*q**2/2 + 12*q - 131. Let v(c) be the second derivative of l(c). Calculate v(4).
5
Let u(l) = l**3 - 11*l**2 + 9*l - 13. Suppose 0*b = b + 5*k + 421, 0 = 2*b + 5*k + 822. Let p = 411 + b. Calculate u(p).
-23
Let n(m) = 2*m - 10. Let q be 10/(-4)*(-756)/105. Suppose -2*l = -q + 4. What is n(l)?
4
Let n = 32050 + -32060. Let i(w) = -26*w - 251. Determine i(n).
9
Let q be 20/1 + -13 + -7. Let g(m) = 8*m - 4. Calculate g(q).
-4
Let o = 33 - 31. Suppose -2 + 24 = o*l. Let m(i) = i**3 - 10*i**2 - 11*i - 9. Determine m(l).
-9
Let c = -188 - -197. Suppose 4*t = c*t - 5*z - 10, 0 = -t - 4*z - 3. Let b(a) = -4*a**2 + 2*a - 1. Calculate b(t).
-3
Suppose -5*p - 20 = 75. Let n = 21 + p. Let y(c) = 10*c - 37*c + 3 + 13*c + 13*c - c**n. Calculate y(-3).
-3
Let k(y) = y**3 + 8*y**2 + 5*y - 8. Let f be ((-240)/(-75))/(2*(-2)/(-30)). Let c(g) = -g**3 + 23*g**2 + 24*g - 7. Let i be c(f). Calculate k(i).
6
Let g(s) = 2 - s + 241*s**2 - 135*s**2 - 103*s**2. Suppose 5*b - 16 = -4*c + b, 0 = 2*c + 3*b - 11. Give g(c).
4
Let s(u) = 2*u - 36. Let x = -18701 + 18684. What is s(x)?
-70
Let c(i) be the second derivative of 3*i**3 - i**2/2 + 37*i - 3. Determine c(2).
35
Let p(j) = -3*j**2 + 9*j - 19. Suppose -63*k - 10*k + 375 = 2*k. Give p(k).
-49
Let h = 474 - 480. Let x(q) = -13*q - 9. Let j(v) = 2*v - 1. Let n(o) = h*j(o) - x(o). Give n(-7).
8
Let u(i) = 8*i**2 + 4*i + 17. Let b(q) = q**2 - 4*q + 2. Let z(w) = -6*b(w) + u(w). Give z(-14).
5
Let p(j) = 59 - j + 4 + 16 - 11*j. Calculate p(7).
-5
Let l(i) = -193*i + 18. Let y(j) = 47*j + 1. Let b(m) = l(m) + 4*y(m). Give b(14).
-48
Let w(a) = -4*a**3 - 7*a**2 - 16*a + 4 + 16*a. Let u(q) = 5*q**3 + 6*q**2 - 4. Let c(o) = 3*u(o) + 4*w(o). Let h(s) = -s - 4. Let t be h(6). Calculate c(t).
4
Let h(v) = -3*v**3 - 3*v**2 + 3*v + 4. Let g = 476 + -473. Suppose -g*l + 2*l = -2, z = -2*l + 1. Give h(z).
49
Let g(h) = -2*h**2 - 11*h - 24. Let c = -1965 + 1961. Calculate g(c).
-12
Let v(h) = -16*h**2 + 2*h**2 + 7*h**2 - 61 - 9*h**2. Let t(m) = -3*m**2 - 12. Let d(i) = -11*t(i) + 2*v(i). Let j(s) = s**2. Let n be j(0). What is d(n)?
10
Let x(d) be the first derivative of -2*d**3/3 - d**2 + 15*d + 2466. Calculate x(-5).
-25
Let r(p) = -134 + 46 + 45 + 41 + 4*p**2 + 21*p - 18*p. Let j be (-6)/15 + 12/5. What is r(j)?
20
Let o(h) be the first derivative of -5*h**7/168 - h**6/360 - h**5/60 - h**4/24 - 13*h**3 - h**2 + 33. Let i(d) be the third derivative of o(d). Give i(-1).
25
Let z(h) = -52*h**3 + 4*h**2 - 2*h - 8. Let t be z(-3). Let c(o) = -1439*o**2 + 4*o + t*o**2 - 3 - 2*o. Give c(3).
-6
Let w(y) = -12*y**2 + 11*y**2 + 0 + 0 + y + 3*y**3. Let j = -156 + 247. Suppose -1 = -92*l + j*l. Determine w(l).
3
Suppose -947 = -38*c - 491. Let j(h) = 4*h**2 - 45*h - 28. What is j(c)?
8
Let v(u) = -9 - 39*u + 3*u**2 + 11*u**3 + 59*u - 13 - 12*u**3 + 4*u**2. Calculate v(9).
-4
Let n(p) = p. Suppose -5*h - 2*y = -7*y + 315, 0 = h - 4*y + 48. Let f = h + 74. Give n(f).
6
Let u(g) = -8*g - 45. Let d be u(-6). Let y(x) = 7 - x + 2*x - 1123*x**2 + 1122*x**2. Determine y(d).
1
Let a(u) = -5 + 3 - 6 + 2 - 19*u + 2. Determine a(0).
-4
Let o(d) = -2*d**3 + 42*d**2 + d - 14. Suppose j - 25 = 2*q - 0*q, 2*j - 2*q - 46 = 0. Let b be o(j). Let g(z) = -z**2 + 5*z - 8. What is g(b)?
-22
Let t(j) = -6*j - 44. Let a be ((-16)/(-4))/((-4)/9). What is t(a)?
10
Let j(d) = d**2 + 22*d - 55. Let i be j(3). Let h(p) = 2*p**2 - 39*p - 22. Give h(i).
-2
Let n(y) = -2*y**3 - 21*y**2 + 4*y + 360. Let z be n(-8). Let k(b) = -2*b - 5. Let a(s) = -5*s - 14. Let m(t) = -4*a(t) + 11*k(t). Calculate m(z).
-15
Let h(z) be the second derivative of -25*z**3/6 + 165*z**2/2 + 3*z - 1438. Calculate h(7).
-10
Let q = 154 + -154. Suppose 0*o - 4*o = -12. Let v(n) = -5 - 21*n**3 + 20*n**3 - n - o. Calculate v(q).
-8
Let g(y) = -y**3 - 24*y**2 - 26*y - 67. Let f = -11618 - -11595. Give g(f).
2
Let y be ((-5)/(-2) + -1)*4. Let t(v) = 1010*v - 9 + 1019*v - 2031*v. Calculate t(y).
-21
Let t(c) be the third derivative of -c**4/4 + 3*c**3/2 - 2548*c**2. What is t(7)?
-33
Let m(l) = -l**3 + 2*l**2 - 2*l. Let o(g) = 2*g**3 + 19*g - 12. Let k(f) = 3*m(f) + o(f). Calculate k(8).
-36
Let a = -6 - 2. Let x(h) = -h - 3. Let t be (448/21)/8*(-6)/4. Let m(z) = z + 4. Let b(f) = t*m(f) - 5*x(f). Give b(a).
-9
Let j = 91 - 84. Let r(f) = -1. Let s(t) = -3*t - 2*t + 3*t - 247 + 250. Let d(y) = -5*r(y) + s(y). Give d(j).
-6
Let x = 3 - 9. Let s = 185 + -175. Let b(k) = -273*k**2 + 132*k**2 + k - 3 + 139*k**2 - s*k. Give b(x).
-21
Suppose 14*v - 206 = 12*v. Suppose -103 = 7*w - v. Let b(o) = -o**3 + o**2 + 3. Give b(w).
3
Let x(b) = -2*b + 1. Let i = 472 - 164. Let h = i - 302. Determine x(h).
-11
Let x(z) = -z + 33. Let d(n) = -3*n - 1. Let h(y) = d(y) + x(y). Determine h(7).
4
Let i be (195/6)/((-1005)/(-402)). Let m(r) = -2*r**2 + 20*r + 27. Give m(i).
-51
Let r(d) be the third derivative of -95*d**4/24 + 335*d**3/3 - 165*d**2 + 3*d. Calculate r(7).
5
Suppose -3*o + 40 = -5*h, 0 = -h + 5*h - 5*o + 32. Let n(s) = -4*s**3 + 232*s**2 - 1 + 3*s**3 + s - 121*s**2 - 119*s**2. What is n(h)?
-9
Suppose -b + 4*b + 5*t = 186, 2*b - 105 = 3*t. Let i be (b/(-76))/((-3 + 2)/(-4)). Let x(p) = -4*p**2 + 3*p - 3. What is x(i)?
-48
Let k(u) = 3*u**2 - 5*u - 3. Let y = -68 + 117. Suppose y = -5*i + 64. Suppose -j = -1 - i. Determine k(j).
25
Let m(z) = 4*z**2 - 29*z - 3. Let h(k) = -2*k**2 + 20*k + 5. Let w(l) = -4*h(l) - 3*m(l). Calculate w(5).
-76
Let y(s) be the first derivative of -s**3/3 - 5*s**2/2 - 4*s + 4299. Determine y(-6).
-10
Let t(x) = -x - 3. Suppose -250 + 232 = -2*v. Let f(o) = 4*o - 37. Let k be f(v). What is t(k)?
-2
Let b be 1*(42/98 + 123/7). Suppose g = 20 - b. Let t(s) = 0*s**2 - 2*s + 0*s**2 - 3*s**2 + 2*s**2. Give t(g).
-8
Let i(q) = 2*q**2 + 39*q + 35. Suppose 150*b + 1174 = -1826. Give i(b).
55
Let o(z) = 167 + 0*z + 11*z + 7*z**2 - 6*z**2 - 328 + 167. Suppose 32 = -2*k + 3*k. Suppose -5*a - 2*i - k = 0, 2*a + 0*a = 3*i - 28. What is o(a)?
-18
Let v(w) = -14*w**3 - 17*w**2 + 6*w + 3. Let q(k) = -16*k**3 - 21*k**2 + 7*k + 3. Let p(m) = -4*q(m) + 5*v(m). Determine p(-1).
6
Let d be 6/(((-190)/32)/(-5) + -1). Let q(u) = u**2 - 2 - 12*u + d*u - 2 - 21*u. What is q(-3)?
8
Let g(y) = 2*y**2 - y - 7. Let b be g(-2). Let m(t) = 0*t + 0*t**2 + 3*t**2 - t**b + 4 - 5*t + 2*t**2. Calculate m(4).
0
Let n be -7 + 9 + (0 - 6). Let g(y) be the second derivative of -y**5/20 - 5*y**4/12 - y**3 - 2*y**2 - 1508*y - 1. Give g(n).
4
Let g(o) = -2*o - 9. Let k(p) = p**3 + 4*p**2 + 6*p - 4. Let y(h) = -h**2 + 19*h + 90. Let d be y(23). Let v be k(d). What is g(v)?
7
Let p(u) = u**3 + u**2 - 5*u - 2. Let h be p(-3). Let c(t) be the second derivative of 33*t + 7/6*t**3 + 0 + 0*t**2 + 1/12*t**4. Calculate c(h).
-10
Let h be 1*(-1 + 8)/(2 - 3). Let s(r) be the third derivative of -r**5/60 - r**4/24 + 5*r**3/6 + 7*r**2. Let j(k) be the first derivative of s(k). What is j(h)?
13
Let r(c) = -c**3 - 5*c**2 + c + 1. Let j be r(-5). Let o(f) = 3 - 6806788*f + 6806787*f + 1 + f**3 + 4*f**2. Determine o(j).
8
Suppose -12*z - 54 = -18*z. Let l(a) = -6*a + z*a**2 + 2 - 16*a**2 + 4*a - 1 - 4. Let b = 6 + -8. Calculate l(b).
-27
Let n = -3 - -4. Let d(b) = 8 - 57 + 2*b - 8*b**2 + 48 - 13*b**2. Determine d(n).
-20
Suppose 4*m = -5*g - 55, -m + 632*g = 628*g - 23. Let y(b) = -b**2 + 17*b + 99. Give y(m).
-11
Let x(o) = -o**3 + 17*o**2 - 15*o - 14. Let f = 4952 + -4936. Determine x(f).
2
Let x(m) = -13*m**2 + 65*m + 12. Let l(r) = -8*r**2 + 41*r + 8. Let g(s) = 8*l(s) - 5*x(s). Calculate g(-4).
8
Let v(a) = -14*a - 41*a**2 - 21 + 42*a**2 + 11*a + 17*a. Determine v(-15).
-6
